iple of 51?
True
Is 278485 a multiple of 52?
False
Is 3715712 a multiple of 26?
True
Is 465 a factor of 7034085?
False
Is 79200 a multiple of 225?
True
Does 83 divide 125745?
True
Is 179808 a multiple of 236?
False
Is 301 a factor of 46655?
True
Does 51 divide 1125672?
True
Is 82824 a multiple of 476?
True
Is 832044 a multiple of 12?
True
Is 1410345 a multiple of 31?
True
Is 561688 a multiple of 81?
False
Is 168730 a multiple of 16?
False
Does 27 divide 344691?
False
Is 15900510 a multiple of 537?
False
Is 851904 a multiple of 174?
True
Is 645306 a multiple of 263?
False
Does 84 divide 1050090?
False
Is 188 a factor of 165816?
True
Is 223 a factor of 1796488?
True
Is 6411259 a multiple of 115?
False
Does 19 divide 97945?
True
Is 347 a factor of 231102?
True
Is 346 a factor of 161825?
False
Is 3955590 a multiple of 11?
False
Is 6710585 a multiple of 13?
False
Does 12 divide 54564?
True
Is 19155600 a multiple of 16?
True
Is 12 a factor of 244073?
False
Does 57 divide 842774?
False
Does 10 divide 39782?
False
Does 5 divide 14755224?
False
Is 151 a factor of 14226?
False
Is 21 a factor of 1152624?
False
Does 132 divide 2204647?
False
Does 72 divide 655992?
True
Does 7 divide 5606657?
True
Does 996 divide 1554756?
True
Does 6 divide 124392?
True
Is 49379 a multiple of 67?
True
Is 14193 a multiple of 3?
True
Is 108049 a multiple of 12?
False
Is 4714152 a multiple of 267?
True
Is 1425176 a multiple of 232?
True
Does 23 divide 2809260?
False
Is 168 a factor of 67032?
True
Does 1539 divide 1137321?
True
Does 10 divide 636340?
True
Is 213 a factor of 6970425?
True
Is 124920 a multiple of 20?
True
Is 117 a factor of 7805126?
False
Is 10245760 a multiple of 320?
True
Is 788711 a multiple of 57?
False
Is 386685 a multiple of 406?
False
Is 8 a factor of 5424?
True
Is 4541513 a multiple of 190?
False
Is 516538 a multiple of 625?
False
Is 416122 a multiple of 14?
True
Is 190 a factor of 178600?
True
Is 1689216 a multiple of 24?
True
Does 63 divide 680778?
True
Is 10006 a multiple of 54?
False
Is 22693 a multiple of 249?
False
Does 81 divide 4611330?
True
Is 61 a factor of 1303375?
False
Does 54 divide 1198961?
False
Is 81 a factor of 7202066?
False
Is 10926235 a multiple of 14?
False
Does 18 divide 733122?
True
Is 697521 a multiple of 69?
True
Is 497 a factor of 387163?
True
Is 637206 a multiple of 61?
True
Does 143 divide 38467?
True
Is 169 a factor of 1214387?
False
Is 4995 a multiple of 37?
True
Is 38220 a multiple of 31?
False
Is 461450 a multiple of 65?
False
Does 42 divide 1998066?
True
Is 40 a factor of 1285644?
False
Is 191 a factor of 13889902?
True
Does 102 divide 9027612?
True
Does 49 divide 956469?
False
Is 80 a factor of 14400?
True
Is 721274 a multiple of 218?
False
Is 17 a factor of 1367004?
True
Is 93 a factor of 13299?
True
Is 385818 a multiple of 86?
False
Is 148470 a multiple of 294?
True
Does 30 divide 1079280?
True
Does 7 divide 188552?
True
Is 61544 a multiple of 98?
True
Is 27074 a multiple of 20?
False
Is 9798307 a multiple of 20?
False
Does 2 divide 67195?
False
Is 94094 a multiple of 77?
True
Is 2967238 a multiple of 16?
False
Does 218 divide 31278?
False
Is 69 a factor of 574425?
True
Is 49 a factor of 152680?
False
Is 13 a factor of 13777?
False
Is 284 a factor of 630218?
False
Is 10 a factor of 126059?
False
Does 7 divide 6808375?
True
Is 17 a factor of 924749?
True
Is 235183 a multiple of 11?
False
Is 95 a factor of 750405?
True
Is 4209681 a multiple of 119?
False
Is 6429840 a multiple of 367?
True
Does 30 divide 1609860?
True
Is 5 a factor of 1042630?
True
Is 1084288 a multiple of 128?
True
Is 126375 a multiple of 337?
True
Is 3 a factor of 115253?
False
Is 6 a factor of 36287?
False
Does 14 divide 1706201?
False
Does 18 divide 1401498?
True
Is 6 a factor of 508944?
True
Is 185 a factor of 432504?
False
Does 77 divide 2354367?
False
Does 2 divide 2030592?
True
Is 64138 a multiple of 2?
True
Is 88 a factor of 102960?
True
Is 1045176 a multiple of 12?
True
Is 16 a factor of 325952?
True
Is 85 a factor of 1744173?
False
Is 915957 a multiple of 147?
True
Is 326884 a multiple of 122?
False
Does 7 divide 245362?
False
Is 51 a factor of 1092476?
False
Is 64 a factor of 123136?
True
Is 22 a factor of 348590?
True
Does 3 divide 287062?
False
Is 8485920 a multiple of 996?
True
Is 214 a factor of 359467?
False
Is 112 a factor of 61693?
False
Does 147 divide 19080136?
False
Does 10 divide 869067?
False
Is 146665 a multiple of 48?
False
Is 561 a factor of 3978612?
True
Does 4 divide 1689285?
False
Does 138 divide 189256?
False
Is 2757085 a multiple of 24?
False
Is 88447 a multiple of 2?
False
Is 24 a factor of 61123?
False
Is 203 a factor of 563898?
False
Is 2 a factor of 512998?
True
Is 223 a factor of 23046734?
False
Is 88440 a multiple of 220?
True
Does 24 divide 111288?
True
Does 70 divide 55440?
True
Is 4531821 a multiple of 44?
False
Does 42 divide 1300115?
False
Is 2115431 a multiple of 4?
False
Does 11 divide 1165909?
False
Is 884880 a multiple of 6?
True
Is 2102612 a multiple of 4?
True
Is 588481 a multiple of 49?
False
Is 12 a factor of 275713?
False
Does 11 divide 10627208?
False
Is 113316 a multiple of 167?
False
Does 183 divide 747921?
True
Does 12 divide 511195?
False
Is 38 a factor of 339657?
False
Does 94 divide 68996?
True
Does 1425 divide 9255375?
True
Is 89572 a multiple of 4?
True
Does 33 divide 185856?
True
Is 180235 a multiple of 313?
False
Is 284160 a multiple of 240?
True
Is 163 a factor of 19320965?
False
Is 119 a factor of 798847?
True
Is 31 a factor of 5385827?
False
Does 112 divide 2611410?
False
Does 147 divide 4791772?
False
Is 37 a factor of 490657?
True
Is 3 a factor of 14574?
True
Does 7 divide 2361633?
False
Is 781 a factor of 2446693?
False
Is 3 a factor of 38748?
True
Is 4 a factor of 150724?
True
Is 162 a factor of 172530?
True
Is 41 a factor of 38863?
False
Is 9 a factor of 23418?
True
Does 161 divide 19320?
True
Is 1328965 a multiple of 445?
False
Is 7 a factor of 67595?
False
Does 357 divide 513723?
True
Is 87 a factor of 123385?
False
Is 2016 a multiple of 9?
True
Does 7 divide 1096088?
True
Is 9 a factor of 1515666?
False
Does 5 divide 2771625?
True
Does 29 divide 109388?
True
Does 10 divide 336890?
True
Does 180 divide 4284542?
False
Is 8000634 a multiple of 82?
False
Is 5653824 a multiple of 19?
False
Is 289 a factor of 1142318?
False
Is 240 a factor of 209040?
True
Is 115529 a multiple of 5?
False
Is 97 a factor of 1756281?
False
Is 2514540 a multiple of 84?
True
Does 12 divide 264397?
False
Does 170 divide 151130?
True
Does 7 divide 1047248?
False
Is 11 a factor of 61967?
False
Is 64979 even?
False
Is 462726 a multiple of 33?
True
Does 12 divide 148848?
True
Is 13 a factor of 174252?
True
Does 107 divide 887386?
False
Is 96442 even?
True
Does 16 divide 137888?
True
Does 17 divide 37692?
False
Is 599761 a multiple of 27?
False
Does 14 divide 111034?
True
Is 963016 a multiple of 25?
False
Is 41749 a multiple of 49?
False
Is 18 a factor of 12884006?
False
Does 847 divide 1474727?
False
Does 7 divide 54754?
True
Is 13520017 a multiple of 13?
False
Does 167 divide 231629?
True
Is 318578 a multiple of 13?
True
Is 2 a factor of 50351?
False
Is 448238 a multiple of 26?
False
Is 52 a factor of 73476?
True
Does 11 divide 32450?
True
Is 859 a factor of 11208232?
True
Is 3195730 a multiple of 313?
True
Is 1728703 a multiple of 28?
False
Is 711 a factor of 21128413?
False
Does 407 divide 619952?
False
Does 8 divide 198278?
False
Does 7 divide 321?
False
Is 4188656 a multiple of 41?
False
Is 15 a factor of 172082?
False
Is 422 a factor of 328203?
False
Is 205571 a multiple of 133?
False
Does 289 divide 741285?
True
Is 125 a factor of 2882750?
True
Is 2 a factor of 51297?
False
Does 11 divide 2416106?
True
Does 31 divide 94039?
False
Is 45 a factor of 8058355?
False
Does 15 divide 20498736?
False
Does 57 divide 883443?
True
Is 2 a factor of 27115?
False
Is 213449 a multiple of 5?
False
Is 336695 a multiple of 11?
False
Is 189445 a multiple of 8?
False
Is 118718 a multiple of 10?
False
Does 320 divide 31360?
True
Does 486 divide 290929?
False
Does 79 divide 27839330?
False
Is 283 a factor of 202034?
False
Is 283174 a multiple of 72?
False
Does 24 divide 623121?
False
Does 5 divide 191783?
False
Is 578378 a 